= 70*z - 3*z**2 - 11*z**2 - a*z. What is k(-1)?
-15
Let f(g) = g**2 + g + 4. Let h be f(0). Let m(r) = -118*r + 9. Let c(w) = -55*w + 4. Let q(u) = 30*c(u) - 14*m(u). Give q(h).
2
Let i be 1329/(-459) + (-56)/252 + (-8)/(-68). Let y(j) = -j**3 + j + 1. Determine y(i).
25
Let h(t) = 14*t - 27*t - 7*t - 89 + 38 - 52. Determine h(-5).
-3
Let v be 46/10 - 260/(-650). Let s(c) = -19*c + 106. What is s(v)?
11
Let u(o) = -43*o + 12. Let w(q) = -148*q + 33. Let i(p) = 7*u(p) - 2*w(p). Calculate i(5).
-7
Let q(m) = -4*m**3 + m**2 - m - 1. Let i be ((-18)/7)/((-30)/70). Suppose i = 2*h, 3*a - 38*h + 15 = -34*h. Give q(a).
5
Let r(i) = -i**3 - 13*i**2 - 25*i + 19. Let w be r(-11). Let x(t) = -t**2 + t - 17 - 28 + w. Calculate x(-3).
-5
Let j(t) be the second derivative of 6*t**3 + 113*t**2/2 + 1373*t. Determine j(-3).
5
Let y(r) = -52*r + 4. Let z be y(-6). Let g(l) = z*l - 316*l - 3 - l**2. Suppose -3 = -q - 0*q. Calculate g(q).
-12
Let c be -1 + 13/(39/126). Suppose 0 = -g + 43 - c. Let k(f) = 13*f**2 - f**g + f - 25*f**2 + f**2. What is k(1)?
-11
Let i(a) = 5*a + 2. Let c(b) = -3*b + 0 + 0 - 1. Let f(s) = -3*c(s) - 2*i(s). Let m = -205 + 210. Give f(m).
-6
Let u(v) = v**2 + 7*v + 5. Let d(n) = -2*n**2 + 2*n - 12. Let m be d(6). Let h = 88 + m. Let x(i) = -i**3 + 15*i**2 + 16*i - 4. Let b be x(h). Determine u(b).
-7
Let f(x) = 8*x + x**3 - 14 - 72 - 8*x**2 + 101 - 20. Suppose 0*v = -3*v + 6. Let a be ((-7)/(-2))/(v/4). What is f(a)?
2
Let t be 56/154*11*(-4)/((-32)/22). Let q(b) = -b**2 + 14*b + 11. What is q(t)?
44
Let b(s) = 3*s**3 - 7*s**2 + 10*s + 1. Let v be (-2 + (-2)/4)*24/30. Let y(o) = -7*o**3 + 13*o**2 - 20*o - 1. Let z(p) = v*y(p) - 5*b(p). What is z(7)?
25
Let w(i) be the first derivative of i**3/3 + 9*i**2 + 52*i - 25. Let z be w(-15). Let j(u) = -z*u - 4 + 3 + 0. Calculate j(-3).
20
Let a(t) be the third derivative of -11*t**4/24 + 16*t**3/3 - 129*t**2 + t. Give a(6).
-34
Let j be ((-22)/(-4) - 4)/(5/(-10)). Let t(p) = -p**3 + p**2 - 4*p. Calculate t(j).
48
Suppose 29*p + 464 = -29*p. Let k(x) = x + 5. Give k(p).
-3
Let c be ((-12)/(-8))/1*-10*(-2)/(-3). Let h(p) = p**3 + 7*p**2 - 32*p - 13. Determine h(c).
7
Let a(p) = -p**3 - 10*p**2 + 13*p + 2. Let r(m) = -5*m**3 - 46*m**2 + 64*m + 10. Let t(q) = 14*a(q) - 3*r(q). Determine t(-3).
-17
Let m(y) = 2*y**3 - 10*y**2 - 17*y + 1. Let h be m(6). Let s(q) = -q - 5. Give s(h).
24
Let d(f) = f**2 + 6*f - 7. Let j(n) = 4*n**3 + 5*n**2 - n - 4. Let p be j(2). Let b = -54 + p. What is d(b)?
9
Suppose 0 = 8*k + 2*k - 120. Let o(w) = 36*w - k - 24*w - 15*w. Determine o(-6).
6
Let c(l) = -54*l**3 - 9*l**2 - 82. Let q(v) = 65*v**3 + 9*v**2 + 99. Let r(j) = 6*c(j) + 5*q(j). Suppose 0 = 4*m - 0*m - 36. What is r(m)?
3
Let h = -6821 + 6842. Let c(n) = -12*n + 250. Determine c(h).
-2
Let n be 1/5 - 58/(-10). Let i(o) be the third derivative of -o**4/8 + 4*o**3/3 + o**2 - 3*o + 1233. Give i(n).
-10
Let i be (-1240)/(-104) - (-3)/39. Suppose b + i*q - 11*q = -11, 2*b - 4*q + 16 = 0. Let m(d) = -d**3 - 11*d**2 - 10*d - 1. Determine m(b).
-1
Suppose -14*c = 34*c - 192. Let x(i) = 16*i + 16. Give x(c).
80
Let c be (-26)/(-65) + (-164)/10 + -2. Let b(n) = n**3 + 18*n**2 + n + 10. What is b(c)?
-8
Suppose -3*z - 4 = g - 9, g + 19 = 5*z. Let b(n) = 9*n + 1. Determine b(g).
-35
Let x(q) = q**3 + 3*q**2 + 4*q + 3. Let i(j) = -2*j**2 + 12*j - 7. Let a be i(5). Suppose -a*y + 5 = 2*y. Let b be 3 + (y*(-4)/4 - 4). Calculate x(b).
-1
Let w(l) = -139*l - 3601. Let f be w(-26). Let x(k) = -k**3 + 13*k**2 - 9. What is x(f)?
-9
Let m(s) = -s**2 - 27*s + 63. Suppose 5*v + 470 = -27*v - 458. Calculate m(v).
5
Let d(n) = 3 - 717*n + 718*n - 11. Determine d(13).
5
Suppose 5*l = -2*r + l - 2, 5*r - 5*l = 25. Let j(d) = -2 + 20*d**3 + 6 + 8*d**2 + 5*d**2 - 19*d**r - 6*d**2. Give j(-7).
4
Let n = 100 - 139. Let o be (-1 + -14)/(n/(-13)). Let j(q) = 2*q**2 + 8*q + 4. Give j(o).
14
Let k(p) = -10 + 6*p**2 + 17*p**2 + 3 + 112*p**3 - 111*p**3. Calculate k(-23).
-7
Suppose 0 = 727*n - 735*n. Let o(x) = -x**2 - 6*x - 21. Determine o(n).
-21
Let l(r) = 25*r + 18. Let t be 308/14*(-6)/12. Let o(z) = -69*z - 55. Let v(f) = t*l(f) - 4*o(f). What is v(-18)?
4
Let d(j) = -j**3 - 4*j**2 + 12*j + 11. Let w(o) = -2*o**3 - 11*o**2 + 24*o + 26. Let b(f) = -5*d(f) + 2*w(f). Calculate b(5).
12
Let j(z) be the first derivative of -z**3/3 - 7*z**2/2 - 15*z - 1062. Calculate j(7).
-113
Let g(l) = 64*l - 12. Let i(p) = -21*p. Let b(h) = g(h) + 3*i(h). Let v = 11 + -4. Calculate b(v).
-5
Let g(k) = 6*k + 126 + 132 - 250. Give g(10).
68
Let t(u) be the third derivative of u**7/840 - u**6/72 + u**5/120 - u**4/24 + 107*u**3/6 + 3*u**2 - 11*u. Let x(w) be the first derivative of t(w). Give x(4).
-13
Let y be 0*6/(-102)*(1 - 0). Let h(f) = y*f - f**2 - 3*f + f + 6 - 6*f**2 + 6*f**2. Give h(0).
6
Let f(w) = -w**2 + 55 + 2*w + 16*w + 14 - 5*w. Determine f(17).
1
Let c(m) = 11*m. Let s = 270 + -268. Suppose 3*j + 3*g + 9 = -0*j, -s*j + 10 = -2*g. What is c(j)?
11
Let f(t) be the second derivative of -1/120*t**5 - 1/24*t**4 + 0 + 16*t + 0*t**2 - 5*t**3. Let b(o) be the second derivative of f(o). Give b(-2).
1
Let s(n) = 6*n**2 + 2*n - 3. Let z be s(1). Suppose 39 + 6 = z*p. Let t be -2*2/12*p. Let w(m) = m - 3. Determine w(t).
-6
Let f(y) = -2*y**2 - 12*y + 15. Let x = 118 - 120. Let m(w) = -w**2 - 12*w + 15. Let o(r) = x*f(r) + 3*m(r). Give o(10).
-5
Let h(b) = b**2 - 7*b - 2. Suppose -6048*q + 84 = -6036*q. Give h(q).
-2
Let g(j) = 17*j + 5*j + 55*j + 20*j + 25 + 13*j. Let n(t) = -18*t - 4. Let r(w) = -4*g(w) - 25*n(w). Calculate r(1).
10
Let p(s) = 5*s**2. Let o(l) be the second derivative of l**4/12 - 9*l**3/2 + 49*l**2/2 + 2*l. Suppose 12*u - 18*u - 10*u + 400 = 0. Let b be o(u). What is p(b)?
5
Let n(x) = -x**2 + 9*x - 8. Let w(m) = -2*m + 3. Let t(u) = n(u) + w(u). Determine t(6).
1
Let o(q) = -q**2 + 9*q - 8. Let x be o(7). Suppose 0 = x*a - 11*a + 45. Let l(k) = 6 + a - k**3 - 13. Calculate l(0).
2
Let w(u) = -u**2 - 9*u + 15. Let f = 1001 - 980. Suppose 3*m + f = 3*l, -l - 11 + 58 = -5*m. Determine w(m).
5
Suppose 2*b = 3*h - 9, -2*b - 3*b - h = 31. Let f(o) = o**3 + 7*o**2 - 7*o - 18. What is f(b)?
60
Suppose -11*c = 300 - 311. Let f(l) = 2*l. Give f(c).
2
Let h(l) be the third derivative of -1/24*l**4 - 1/120*l**6 + 135*l**2 + 0*l + 0 + 2/3*l**3 + 0*l**5. Calculate h(0).
4
Let c(r) = r**2 - 26*r + 69. Let s be c(23). Let j(n) = 47*n**3 - 28*n**3 - 18*n**3 - n - 2. Calculate j(s).
-2
Let k(r) = 3*r - 3. Suppose 3*u + 117 = 3*c, c = -3*u - 103 - 6. Let a = 39 + u. Suppose -6*v + 20 = -a*v. Give k(v).
12
Let y(w) = 6*w**2 + 3*w + 2. Suppose 0 = -48*p + 39*p + 144. Suppose -4*m + 6*f - 10*f = p, -4*m + 3*f - 2 = 0. What is y(m)?
20
Let h be (((-12)/(-9))/4)/(-24 + 3689/153). Let s(v) be the first derivative of -5/3*v**h + 0*v - 16 + 1/4*v**4 - 1/2*v**2. Determine s(5).
-5
Let z(o) = 2*o - 1. Suppose 28*u - 10*u - 108 = 0. Suppose -y = -9 + u. Give z(y).
5
Suppose -17 = t - 209. Let s(h) = 5*h**2 + t + 0*h**3 + 9*h - h**3 - 197. Let w(f) = 2*f - 6. Let k be w(6). Give s(k).
13
Let p(c) = 2*c + 24. Suppose 39*u + 231 = -11*u + 31. Calculate p(u).
16
Let l(v) be the first derivative of -v**4/4 - 7*v**3/3 + 3*v**2 - 11*v + 12. Let z be 10/35 + 58/(-7). Let y be l(z). Let q(r) = -r**2 + 3*r + 3. What is q(y)?
-7
Let a(o) = -10*o - 3710*o**2 + 14 - 9 - 2*o**3 - 8 + 3759*o**2 - 58*o. Give a(23).
20
Let z(c) = -128*c**2 + 11*c - 32. Let u(y) = 73*y**2 - 5*y + 18. Let k(t) = 7*u(t) + 4*z(t). Suppose -5*i + 3*p = -38, -5*i - p + 31 = 3*p. Calculate k(i).
12
Let q(p) = -2*p**2 + 7*p + 100. Let y(s) = -s**2 + s. Let o(l) = -q(l) + 3*y(l). Let x(f) be the first derivative of o(f). Determine x(0).
-4
Let r be (-1)/4 + 15/(-4). Let b(q) = -41*q - 467. Let g(k) = -5*k - 55. Let o(h) = 6*b(h) - 51*g(h). Calculate o(r).
-33
Let o(x) = -x**3 + 44*x**2 + 91*x - 11. Let c(f) = -3*f**3 + 129*f**2 + 270*f - 32. Let r(a) = -12*c(a) + 35*o(a). Calculate r(-4).
27
Let d(c) = 6*c**2 + c + 13. Let x(u) = 3*u**2 + 6. Suppose 11*l - 18*l + 14 = 0. Let f(m) = l*d(m) - 5*x(m). Calculate f(3).
-25
Suppose -2*z - 1 = 11. Let h(b) = 23*b + 4. Let l(s) = -7*s - 1. Let k(g) = -8*h(g) - 26*l(g). Give k(z).
6
Suppose -2*h - 3*a = 76, -5*h + 575*a = 572*a + 106. Let l(y) = y**2 + 20*y - 15